= 182*z + 7. Is n(j) a prime number?
False
Let g = 2165 + 401. Is g a prime number?
False
Let h(d) = 7*d - 18. Let f be h(0). Is (7008/f)/8*(-51)/2 a composite number?
True
Let o(x) = -x**2 + 11*x - 6. Let p be o(9). Let d = 73 + p. Is d a prime number?
False
Let m be (60/50)/(2/(-35)). Let s(q) = -88*q - 53. Is s(m) a prime number?
False
Let c(t) = 11*t**2 - 6*t**2 + 37*t**2 - 2*t + 3*t. Is c(3) a prime number?
False
Let d(c) = 2*c + 3. Suppose -4*j + 6 = -2. Let p be d(j). Suppose 3*s + 436 = p*s. Is s composite?
False
Suppose 2*u = 4*d + 35314, 33095 = 3*u + 5*d - 19876. Is u prime?
True
Let c(a) = 118*a**2 + 3*a + 30. Let y = 1 + -6. Is c(y) composite?
True
Let q(u) = -12*u + 11*u**2 - 10*u**2 - 1 + 1. Let f be q(12). Is 0 + 5 + f + 2 composite?
False
Let z = 467 + -264. Suppose k - z = 2*n + 558, -k - 3*n + 756 = 0. Suppose -p + k = 4*j, 0 = 5*j + p - 792 - 158. Is j a composite number?
False
Let c = 12 + -14. Let z be (-3*4/3)/c. Suppose 17 + 405 = z*s. Is s a composite number?
False
Let b = 6260 + -1543. Is b prime?
False
Let w = -25 + 38. Let u(r) = -r**3 + 12*r**2 + 13*r + 10. Let z be u(w). Let o = 357 - z. Is o prime?
True
Suppose 4*x + 3*r - 30 = -x, 0 = 2*x - 5*r - 12. Suppose c - x*c = -175. Let a = c + 152. Is a prime?
False
Suppose 2*r - 8 = 5*v + 29, 3*r + 4*v = -2. Suppose 4*w = -5*g + 25 + r, 0 = g + 2*w - 11. Suppose -111 + 18 = -g*t. Is t a composite number?
False
Is 63202*((-60)/10 - (-52)/8) prime?
True
Let y(i) = -i**3 + 11*i**2 + 12*i + 3. Let r be y(12). Suppose -23 + r = -4*l. Suppose -517 - 1878 = -l*d. Is d a prime number?
True
Let z be (1/3)/(2/24). Suppose -8 = -4*g + 4*d, -8 = -z*g - 5*d + 9. Suppose -l + 659 = -4*f, 0 = -g*f + 6 + 9. Is l composite?
True
Let f = -3172 - -15495. Is f composite?
False
Let f(c) = -c + 16. Let z be f(14). Suppose -3*w = z*l + 9, l = -l + w + 11. Suppose 0 = 2*b + 2*n - 936, -5*b + 0*b + 2342 = l*n. Is b a prime number?
False
Let w be -18*-818*(-4)/16. Is w/(-4) + (-3)/(-4) prime?
False
Suppose 18492 = -420*d + 432*d. Is d a prime number?
False
Suppose -9 = 2*k + 3*o, -4*o + 5 = 4*k + 21. Let v(h) = -2*h - 3. Let m be v(k). Suppose 5*z = -x + 132, -m*x + 2*x = z - 152. Is x prime?
True
Let f(x) = 38*x + 13. Suppose 4*a = 5*k - 37, 16 = -4*a + 4. Is f(k) prime?
False
Let q(i) = 121*i + 28. Let n be q(-4). Let j = n + 1243. Is j prime?
True
Let z be 0/5*(-1)/(-3). Suppose 11*n - 8*n - 381 = z. Is n prime?
True
Let d be (-1)/(3/(-8373)) - (3 - 1). Let v = 4968 - d. Is v prime?
True
Let r = 17157 - -5276. Is r composite?
False
Let y be 2/6*0 - -2003. Let c = y + -784. Is c prime?
False
Let x = 762 - 394. Let t = -255 + 100. Let c = x + t. Is c prime?
False
Let j(m) = 5*m**3 - 2*m**2 + 1. Let z be j(1). Let u be 1644/(-9) + z/(-12). Let i = u + 346. Is i a prime number?
True
Suppose 0 = -5*m + 3*m - 14. Let o be (-14)/m - (0 - 9). Let p(b) = 2*b**2 - 13*b - 10. Is p(o) a prime number?
True
Suppose a - 3*a + 4 = 0. Suppose a*d - 2*i - 20 = d, 2*i = -2*d + 16. Let f = 45 - d. Is f a prime number?
False
Suppose -4*w + 5*t = 9*t - 5652, -t = -4. Is w a composite number?
False
Let m(r) = -1 - 8 + 0 - 3*r - 3. Let j be m(6). Is 582/4*(-20)/j a prime number?
True
Let z be -1 + (1 - (-4 - -8)). Let q(l) = 8*l + 4. Let j be q(z). Let b = j + 81. Is b a composite number?
False
Let p = 10 + -7. Suppose -p*x = -631 - 1202. Is x a prime number?
False
Suppose 5*v - 22412 - 32068 = 5*s, 4*s - 20 = 0. Is v prime?
False
Let v(l) = -l**3 - 4*l**2 - 2*l + 2. Let h be v(-4). Suppose h = 3*i - 5. Suppose -5*n = 3*g - 86, -4*n - i*g = -4*g - 73. Is n prime?
True
Suppose 12*r - 15649 - 3131 = 0. Is r a composite number?
True
Let j(z) = 5*z + 58. Let k be j(-12). Is -1*((-3231)/(-2) + -1)*k a composite number?
False
Let l(a) = a + 3. Let v be l(-6). Let y be -12 + 1 + 2 + v. Is 6/9 + (-76)/y a prime number?
True
Let n(x) = -2*x**2 + 8*x - 1. Let y be n(3). Suppose y*p - 8*p = -1419. Is p prime?
False
Let w(u) = 8*u**3 + 10*u**2 + 66*u - 305. Is w(21) prime?
True
Suppose 3*w - 3*v = -0*w, 0 = -5*w + 3*v. Suppose w = 4*f - 0*f - 2956. Is f prime?
True
Suppose 2*j - 2*v - 9881 = 15447, -5*v = 25. Is j composite?
False
Let p = -15 - 9. Let f be 3/1*(-16)/p. Suppose 0 = f*k - 38 - 28. Is k a composite number?
True
Suppose 5*l - 4*l = 4*x - 2, 2*l - 21 = 3*x. Is 161 - (-3)/(-3 - l/(-4)) a prime number?
True
Let s(o) = 2*o - 15. Let v be s(11). Suppose 3*n = -9, -2*l - 3*n = -v*n - 202. Is l composite?
True
Suppose -3*w - 81 - 4737 = 0. Let k = w - -3653. Is k prime?
False
Suppose 5*g - 3760 - 24921 = n, g = 4*n + 5721. Is g a prime number?
True
Suppose 2*h + 5*i - 17026 = 0, -4*i + 13413 - 4894 = h. Is h prime?
False
Let x(g) = -2*g**3 - g**2 + 2*g + 4. Suppose -h - 2*a = 11 - 1, -4*h - 2*a - 16 = 0. Let k be x(h). Suppose 295 = 17*s - k*s. Is s a composite number?
False
Let h(u) = u**2 - 10*u + 25. Let a be h(5). Suppose a = 2*k + 5*r - 1414, -3*k - k - 2*r = -2828. Is k a prime number?
False
Let a(c) = 1 - 4*c + c - 2*c + c. Let j(s) = -s. Let b(t) = -a(t) + 5*j(t). Is b(-4) prime?
True
Is (-2215281)/(-203) - ((-32)/14 - -2) prime?
False
Suppose -7844 = 7*q - 8*q - w, -q + 7854 = -w. Is q prime?
False
Let c(b) be the first derivative of 589*b**4/4 - b**3 + b - 24. Is c(1) a composite number?
False
Let a(x) = -19*x**3 - 3*x**2 + 3*x + 1. Let u be a(-5). Let i be 2 + (1*u)/(-3). Let g = -541 - i. Is g a composite number?
True
Let z(w) = -53 - 43 - 98*w + 79. Is z(-7) a composite number?
True
Suppose 0 = -31*k + 184144 + 208843. Is k a prime number?
False
Is 16753/(-55)*5*(-5 - 0) composite?
True
Suppose 2 = -2*z + 3*i + 17, 0 = -3*z - 5*i + 32. Let v be (-9)/(-6)*6/z. Let y(a) = 631*a**2 - a + 1. Is y(v) a composite number?
False
Suppose 0 = -2*o + 4*c + 8, -2*o = -6*o + 4*c + 32. Let i = 11 - o. Is 161 - (-2 + i)*-1 a composite number?
True
Let h(u) = 952*u**3 - u**2 + u - 1. Let r be h(1). Suppose 2*l + 2*l = -3*s + r, 951 = 3*s - l. Is s prime?
True
Let v = -1638 - -2775. Is v a composite number?
True
Let s(x) = -x**2 + 71*x - 153. Is s(31) a composite number?
False
Suppose -44*s + 380193 = -11*s. Is s composite?
True
Let g = 6 + -2. Suppose -x + g*c = 3*x - 12, -2*c + 22 = 5*x. Suppose 5*p = 5*k + 700, -3*p - x*k + 425 = -6*k. Is p composite?
True
Suppose 24 = -2*q + 4*f, q + 18 = -3*q + 2*f. Let n(x) = 4*x**2 + 5*x + 4. Is n(q) a composite number?
True
Suppose -2*v - 3*v = 3*m - 21, 21 = 4*v + m. Let c = v - 2. Suppose 2*a = -c*g + 622, 5*a - 3*g + 2*g = 1599. Is a a composite number?
True
Let u be ((-10)/6 + 1)*-3. Is (u*(-5)/(-15))/(4/2874) prime?
True
Let o = 413 + -285. Let c = o - -83. Is c prime?
True
Let s = 109 - 455. Let b = s - -2679. Is b composite?
False
Let r be ((-1 - -881)/2)/1. Is -164*((-690)/r + 4/(-22)) a composite number?
True
Let k = -20 - -26. Is 4740/21 + k/21 a prime number?
False
Let t be 2/(-4)*(-8817 - 3 - -2). Suppose -4*f = 3*i - t, -5*i + 7359 = -3*f - f. Is i a prime number?
True
Is (-1)/8 + (-1443285)/(-360) a prime number?
False
Let q = -5 - -7. Let w(h) = -h**3 - 1 + 0 + 6*h**q - h**2 - 2*h. Is w(3) prime?
True
Let x be (-15 - 37) + (-1 - -3). Let t = x + 84. Is t a prime number?
False
Is ((-16)/(-12))/((-28)/(-78141)) prime?
False
Suppose 69*f = 1270868 + 1776103. Is f prime?
True
Suppose -208 = -3*w + 554. Let p = w - 152. Let q = -45 + p. Is q prime?
False
Suppose -4*k - 20 = 0, 15579 = -4*i - 3*k - 0*k. Let t = i + 5530. Is t a composite number?
True
Suppose -9 = 3*s - 3*x, x = -9*s + 4*s + 15. Let h(w) = 13*w**2 - 2. Let g be h(s). Suppose -4*p = 3*v - 2*v + 13, 0 = 5*v - 3*p - g. Is v a composite number?
False
Suppose 3*d + 3 = 0, 75 = 5*y - 3*d - 2*d. Let v = y - 2. Suppose -4*m + j = -639, 768 + v = 5*m - 5*j. Is m prime?
False
Let v = -228 - -535. Is v prime?
True
Is 5 - 9 - (25 - 62106) a prime number?
False
Suppose -c + 0 = -2*k + 8, 4*k - 22 = -c. Suppose 0*x - 9193 = -5*x + 2*r, 3686 = 2*x - 3*r. Suppose 2*b = -w + x, 422 + 4169 = k*b + 4*w. Is b a prime number?
True
Suppose 4*k - 72 = 3*f, 3*k + k - 68 = 4*f. Let h = 17 - k. Is 5/((-10)/h)*53 a composite number?
True
Let q(p) = -p**3 - 3*p**2 + 3*p - 5. Let f be q(-4). Let v be ((-1 - 1)/(-1))/f. Is v/5 - 12859/(-35) composite?
False
Let w(z) = -z**3 + 8*z**2 - 1. Let m be w(8). Let y(i) = -210*i**3 + 3*i + 1 